{"version":"1.0","provider_name":"Bliss - Nekem - Neked","provider_url":"https:\/\/bliss.cafeblog.hu","author_name":"Kammerer Edina","author_url":"https:\/\/bliss.cafeblog.hu\/author\/kammerer_edina\/","title":"P\u00e1rkapcsolati gy\u00f3gyul\u00e1s","html":"<div><img class=\"alignleft\" src=\"https:\/\/bliss.cafeblog.hu\/files\/2014\/03\/egy-C3-BCtt.jpg\" alt=\"\" width=\"320\" height=\"223\" border=\"0\" \/>A ma reggeli medit\u00e1ci\u00f3mban egy nagyon m\u00e9ly \u00e9lm\u00e9nyem volt. Lehunytam a szemem, s ahogyan szoktam, figyeltem a l\u00e9gz\u00e9semet, s nem tudom felm\u00e9rni, hogy mennyi id\u0151 m\u00falva, de megjelent el\u0151ttem egy k\u00e9p. Ebben a k\u00e9pben egy p\u00e1rkapcsolatban voltam valakivel, <strong>akivel a szem\u00e9lyis\u00e9g\u00fcnk szintj\u00e9n nagyon szerett\u00fck egym\u00e1st<\/strong>, akivel volt n\u00e9mi lelki kapcsolatom, de nem az a nagybet\u0171s szerelem. S l\u00e1ttam, ahogyan egy l\u00e9pcs\u0151 tetej\u00e9n \u00e1llunk, hallottam a zen\u00e9t, ami sz\u00f3lt (Pergolesi - Stabat Mater, nagyon szeretem) \u00e9s vitatkoztunk. N\u00e9ztem ezt a k\u00e9pet, <strong>k\u00e9t sz\u00e9pen fel\u00f6lt\u00f6z\u00f6tt ember, s m\u00e9gis olyan b\u00e1nt\u00f3 dolgok hagyt\u00e1k el a sz\u00e1nkat<\/strong>.<\/div>\r\n<div>\u00a0<\/div>\r\n<div>L\u00e1ttam azt a pillanatot, amikor m\u00e9g visszaford\u00edthat\u00f3 lett volna a rajtunk eluralkod\u00f3 eg\u00f3 szor\u00edt\u00e1sa, de egyik\u0151nk sem b\u00edrt meg\u00e1llni. S abban a pillanatban, amikor eld\u00f6nt\u00f6tt\u00fck, hogy tov\u00e1bb haladunk, lend\u00fclt a keze, s ell\u00f6k\u00f6tt, az utols\u00f3 k\u00e9p, amit l\u00e1ttam, az volt, hogy ny\u00falunk egym\u00e1s fel\u00e9, de nem az\u00e9rt, megtartsunk engem, hanem <strong>csak az\u00e9rt, hogy \u00f6ssze\u00e9rjen a kez\u00fcnk, s elb\u00facs\u00fazzunk<\/strong>. N\u00e9ztem, ahogy a k\u00e9t k\u00e9z v\u00e9gigsiklik egym\u00e1son, s m\u00e1r csak a s\u00f6t\u00e9ts\u00e9get l\u00e1ttam, \u00e9reztem magamban a f\u00e1jdalmat, \u00e9reztem, amikor a fejem koppant a f\u00e1n, hallottam, hogy reccsen valami, m\u00e9g t\u00f6bb f\u00e1jdalom, zuhan\u00e1s a m\u00e9lybe, s a f\u00f6ldet \u00e9r\u00e9s.<strong> \u00d6sszet\u00f6rten, milli\u00f3 darabra hullva egy m\u00e9ly, s\u00f6t\u00e9t, szeretetlen helyen fek\u00fcdtem<\/strong>. \u00c9reztem valami meleg folyad\u00e9kot, s halv\u00e1nyan, amikor kinyitottam a szemem, hom\u00e1lyosan \u00e9rz\u00e9keltem a meleg v\u00e9rt a fejem k\u00f6r\u00fcl.\u00a0<\/div>\r\n<div>\u00a0<\/div>\r\n<div>Azt \u00e9reztem, hogy v\u00e9gleg \u00f6sszet\u00f6rtem. <strong>Ezt m\u00e1r nem lehet megragasztani. Nincs tov\u00e1bb.<\/strong> S ebben a pillanatban megjelent \u0150. Annyira f\u00e9nyes volt, annyira szeretetteljes, ott \u00e1llt mellettem, \u00e9s suttogott a f\u00fclembe. \u00c9reztem, hogy a forr\u00f3 k\u00f6nnyek lecsurognak az arcomon, fizikailag, a medit\u00e1l\u00f3 testemen. Hallottam ezeket a gy\u00f3gy\u00edt\u00f3, t\u00e1mogat\u00f3 szavakat. Azt hittem egy Angyal, aki lelket akar \u00f6nteni bel\u00e9m. De akkor a f\u00e9nytestem \u00f6sszes\u0171r\u0171s\u00f6d\u00f6tt \u00e9s emelkedni kezdett. A k\u00e9t f\u00e9nyalak fogta egym\u00e1s kez\u00e9t, \u00e9s r\u00e1\u00e9bredtem, hogy<strong> ez egy \u00faj min\u0151s\u00e9g<\/strong>. Visszan\u00e9ztem a s\u00f6t\u00e9ts\u00e9gbe, s a volt p\u00e1rkapcsolatom ott \u00e1llt a l\u00e9pcs\u0151 tetej\u00e9n, s engem n\u00e9zett, azt aki \u00f6sszet\u00f6rt a sz\u00e1m\u00e1ra. S <strong>nem haragot \u00e9reztem, hanem m\u00e9rhetetlen h\u00e1l\u00e1t, ami\u00e9rt seg\u00edtett<\/strong>. Nem volt b\u00e1tors\u00e1gom beleugrani a szakad\u00e9kba, <strong>nem volt el\u00e9g er\u0151m \u00f6sszet\u00f6rni azt, ami m\u00e1r boldogtalann\u00e1 tett,<\/strong> s \u0151 csod\u00e1latosan kapcsol\u00f3dott a karm\u00e1val ebben a k\u00e9ptelen helyzetben, s annak eszk\u00f6zek\u00e9n ell\u00f6k\u00f6tt, s <strong>ahogy zuhantam, megj\u00f6tt az er\u0151m, s elrugaszkodtam a m\u00e9lybe.\u00a0<\/strong><\/div>\r\n<div>\u00a0<\/div>\r\n<div>N\u00e9ztem \u0151t, ahogy a l\u00e9pcs\u0151 tetej\u00e9n b\u00facs\u00fazik t\u0151lem, \u00e9reztem, hogy \u0151 m\u00e9g nem \u00e1ll k\u00e9szen arra, hogy beleugorjon a megv\u00e1lt\u00e1s szakad\u00e9k\u00e1ba, s tal\u00e1n majd j\u00f6n valaki, aki megl\u00f6ki \u0151t is. L\u00e1ttam a t\u00f6k\u00e9letes \u00edvet, amire ezek a l\u00e1ncszemek fel voltak f\u0171zve, <strong>hogyan toltak ennek a szakad\u00e9knak a sz\u00e9l\u00e9re, amire \u00e9n magam v\u00e1gytam sz\u00edvem minden rezd\u00fcl\u00e9s\u00e9vel.<\/strong> A r\u00e9git feloldani az \u00daJ f\u00e9ny\u00e9ben. S amikor ezek a gondolatok v\u00e9gig\u00e9rtek bennem, az utols\u00f3 gy\u00e1sz k\u00f6nny is lepergett arcomr\u00f3l, elkezdtem kiemelkedni ezzel az \u00faj tudatoss\u00e1ggal abb\u00f3l a s\u00f6t\u00e9t, kietlen m\u00e9lys\u00e9gb\u0151l.\u00a0<\/div>\r\n<div>\u00a0<\/div>\r\n<div>Amikor ki\u00e9rt\u00fcnk Vele a f\u00e9nyre, a legcsod\u00e1latosabb vil\u00e1g fogadott, amit valaha l\u00e1ttam. A pokolb\u00f3l meg\u00e9rkeztem a mennyorsz\u00e1gba, ha \u00fagy tetszik, s k\u00f6zben nem is tudtam, hogy a poklot \u00e9ltem meg ebben a kapcsolatban. <strong>Annyira lesz\u0171k\u00edtettem a l\u00e1t\u00f3sz\u00f6gemet, annyira nem engedtem be a f\u00e9nyt, annyira f\u00e9ltem t\u0151le.<\/strong> De most, amikor ott voltam, annyi minden nyert \u00e9rtelmet. Sz\u00edvem a h\u00e1la magas rezg\u00e9s\u00e9vel telt meg, s j\u00f3 volt Vele igaz\u00e1n egy\u00fctt lenni, l\u00e9lekkapcsol\u00f3d\u00e1ssal, szavak n\u00e9lk\u00fcl, k\u00e9z a k\u00e9zben. S egyetlen mondat l\u00fcktetett bennem:<\/div>\r\n<div><em><strong>\"Sok\u00e1ig tartott, m\u00edg meg\u00e9rkeztem, de m\u00e1r itt vagyok\".<\/strong><\/em><\/div>\r\n<div>\u00a0<\/div>\r\n<div><strong><a href=\"https:\/\/www.facebook.com\/pages\/Kammerer-Edina-Bliss\/1466106826972841\" target=\"_blank\">Kammerer Edina Bliss<\/a><\/strong><\/div>\r\n<div><span class=\"text_exposed_show\"><span class=\"text_exposed_show\">Szerz\u0151i \u00e9s minden jog fenntartva. Megoszthat\u00f3 v\u00e1ltoztat\u00e1s n\u00e9lk\u00fcl, mindennem\u0171 egy\u00e9b felhaszn\u00e1l\u00e1sa enged\u00e9lyk\u00f6teles<\/span><\/span>\r\n<p><a href=\"http:\/\/blissragyogas.hu\" target=\"_blank\">www.blissragyogas.hu<\/a><\/p>\r\n<p>A cikk illusztr\u00e1l\u00e1s\u00e1hoz a Shutterstock fot\u00f3k\u00f6nyvt\u00e1r jogtiszta f\u00e9nyk\u00e9p\u00e9t haszn\u00e1ltuk.<\/p>\r\n<\/div>\r\n<p>&nbsp;<\/p>","type":"rich","thumbnail_url":"https:\/\/bliss.cafeblog.hu\/files\/2014\/03\/egy-C3-BCtt-150x150.jpg","thumbnail_width":150,"thumbnail_height":150}

Párkapcsolati gyógyulás

<div><img class="alignleft" src="https://bliss.cafeblog.hu/files/2014/03/egy-C3-BCtt.jpg" alt="" width="320" height="223" border="0" />A ma reggeli meditációmban egy nagyon mély élményem volt. Lehunytam a szemem, s ahogyan szoktam, figyeltem a légzésemet, s nem tudom felmérni, hogy mennyi idő múlva, de megjelent előttem egy kép. Ebben a képben egy párkapcsolatban voltam valakivel, <strong>akivel a személyiségünk szintjén nagyon szerettük egymást</strong>, akivel volt némi lelki kapcsolatom, de nem az a nagybetűs szerelem. S láttam, ahogyan egy lépcső tetején állunk, hallottam a zenét, ami szólt (Pergolesi - Stabat Mater, nagyon szeretem) és vitatkoztunk. Néztem ezt a képet, <strong>két szépen felöltözött ember, s mégis olyan bántó dolgok hagyták el a szánkat</strong>.</div>
<div> </div>
<div>Láttam azt a pillanatot, amikor még visszafordítható lett volna a rajtunk eluralkodó egó szorítása, de egyikőnk sem bírt megállni. S abban a pillanatban, amikor eldöntöttük, hogy tovább haladunk, lendült a keze, s ellökött, az utolsó kép, amit láttam, az volt, hogy nyúlunk egymás felé, de nem azért, megtartsunk engem, hanem <strong>csak azért, hogy összeérjen a kezünk, s elbúcsúzzunk</strong>. Néztem, ahogy a két kéz végigsiklik egymáson, s már csak a sötétséget láttam, éreztem magamban a fájdalmat, éreztem, amikor a fejem koppant a fán, hallottam, hogy reccsen valami, még több fájdalom, zuhanás a mélybe, s a földet érés.<strong> Összetörten, millió darabra hullva egy mély, sötét, szeretetlen helyen feküdtem</strong>. Éreztem valami meleg folyadékot, s halványan, amikor kinyitottam a szemem, homályosan érzékeltem a meleg vért a fejem körül. </div>
<div> </div>
<div>Azt éreztem, hogy végleg összetörtem. <strong>Ezt már nem lehet megragasztani. Nincs tovább.</strong> S ebben a pillanatban megjelent Ő. Annyira fényes volt, annyira szeretetteljes, ott állt mellettem, és suttogott a fülembe. Éreztem, hogy a forró könnyek lecsurognak az arcomon, fizikailag, a meditáló testemen. Hallottam ezeket a gyógyító, támogató szavakat. Azt hittem egy Angyal, aki lelket akar önteni belém. De akkor a fénytestem összesűrűsödött és emelkedni kezdett. A két fényalak fogta egymás kezét, és ráébredtem, hogy<strong> ez egy új minőség</strong>. Visszanéztem a sötétségbe, s a volt párkapcsolatom ott állt a lépcső tetején, s engem nézett, azt aki összetört a számára. S <strong>nem haragot éreztem, hanem mérhetetlen hálát, amiért segített</strong>. Nem volt bátorságom beleugrani a szakadékba, <strong>nem volt elég erőm összetörni azt, ami már boldogtalanná tett,</strong> s ő csodálatosan kapcsolódott a karmával ebben a képtelen helyzetben, s annak eszközekén ellökött, s <strong>ahogy zuhantam, megjött az erőm, s elrugaszkodtam a mélybe. </strong></div>
<div> </div>
<div>Néztem őt, ahogy a lépcső tetején búcsúzik tőlem, éreztem, hogy ő még nem áll készen arra, hogy beleugorjon a megváltás szakadékába, s talán majd jön valaki, aki meglöki őt is. Láttam a tökéletes ívet, amire ezek a láncszemek fel voltak fűzve, <strong>hogyan toltak ennek a szakadéknak a szélére, amire én magam vágytam szívem minden rezdülésével.</strong> A régit feloldani az ÚJ fényében. S amikor ezek a gondolatok végigértek bennem, az utolsó gyász könny is lepergett arcomról, elkezdtem kiemelkedni ezzel az új tudatossággal abból a sötét, kietlen mélységből. </div>
<div> </div>
<div>Amikor kiértünk Vele a fényre, a legcsodálatosabb világ fogadott, amit valaha láttam. A pokolból megérkeztem a mennyországba, ha úgy tetszik, s közben nem is tudtam, hogy a poklot éltem meg ebben a kapcsolatban. <strong>Annyira leszűkítettem a látószögemet, annyira nem engedtem be a fényt, annyira féltem tőle.</strong> De most, amikor ott voltam, annyi minden nyert értelmet. Szívem a hála magas rezgésével telt meg, s jó volt Vele igazán együtt lenni, lélekkapcsolódással, szavak nélkül, kéz a kézben. S egyetlen mondat lüktetett bennem:</div>
<div><em><strong>"Sokáig tartott, míg megérkeztem, de már itt vagyok".</strong></em></div>
<div> </div>
<div><strong><a href="https://www.facebook.com/pages/Kammerer-Edina-Bliss/1466106826972841" target="_blank">Kammerer Edina Bliss</a></strong></div>
<div><span class="text_exposed_show"><span class="text_exposed_show">Szerzői és minden jog fenntartva. Megosztható változtatás nélkül, mindennemű egyéb felhasználása engedélyköteles</span></span>
<p><a href="http://blissragyogas.hu" target="_blank">www.blissragyogas.hu</a></p>
<p>A cikk illusztrálásához a Shutterstock fotókönyvtár jogtiszta fényképét használtuk.</p>
</div>
<p>&nbsp;</p>
